n divisor of c and 40.
40
Let d be ((-80960)/(-15))/8 + 3/9. Let v be 0 + ((-8)/(-8))/(3/d). What is the greatest common divisor of v and 45?
45
Let h be 53 - (1/(-1) - -9). Let i be 2/(-13) - (-985)/65. Calculate the greatest common factor of i and h.
15
Let p = 381 + -356. Let m be -3 - ((-5)/p + (-145)/25). Calculate the greatest common factor of m and 27.
3
Suppose -5*m = -4*r + 802, -2*m + 844 = 7*r - 3*r. What is the greatest common divisor of 688 and r?
16
Let g be ((48/15)/(-4))/((-2)/275). Suppose -16*j + 21*j - g = 0. What is the highest common divisor of 88 and j?
22
Let u be (-4)/((-15316)/(-193950) - (-48)/(-600)). Calculate the highest common factor of 18 and u.
9
Suppose -4*y = -380 + 396, -4*z = y - 304. Calculate the highest common factor of z and 3047.
11
Suppose -5*n - 4*j = -23, j + 24 = 16*n - 13*n. Let d = -14 - -35. Calculate the highest common divisor of d and n.
7
Suppose -8*j = -14*j - 60. Let o(p) = 8*p + 83. Let k be o(j). Let x be (-3)/(-1 - (-1)/2). What is the greatest common divisor of x and k?
3
Let j = 18614 - 14929. Calculate the highest common factor of j and 2680.
335
Suppose 5*j - 27 = 213. Suppose 0 = 3*o - 133 - 83. Calculate the highest common factor of o and j.
24
Let v be 27*102/(-36)*4. Let u be (v/8)/(21/(-56)). What is the highest common divisor of u and 85?
17
Suppose -4*m = 0, -2*m - 312 = -2*a + 632. Let x = -277 + a. Calculate the greatest common divisor of x and 15.
15
Let a = -728 + 731. Suppose -a*r + 3*v = -63, 12 = -r + 2*r + 2*v. What is the highest common divisor of r and 1098?
18
Let s = 69 - 69. Suppose 6*g - 5*g - 4 = s. Let d(i) = 3*i**2 - 4*i - 4. Let o be d(4). What is the greatest common divisor of g and o?
4
Let m(k) = 54*k. Let p be m(2). Let b be (189/(-315))/((-1)/5). Let f(n) = -n**2 - 5*n + 36. Let c be f(b). Calculate the greatest common divisor of p and c.
12
Let d = 5 - -10. Suppose d = 38*m - 35*m. Suppose -8 = -4*s, -2*p + m*s = p - 26. Calculate the greatest common factor of 12 and p.
12
Let m be (-2114)/(-8) - (-2338)/1336. What is the greatest common divisor of m and 322?
14
Let t(f) = 1 + 6 + 0 - f. Let o be t(-5). Suppose -10*b - 105 + 345 = 0. Calculate the greatest common factor of o and b.
12
Let c = 17 + 64. Suppose 2*g - 98 = 4*m, 0 = -127*g + 124*g + m + 92. Calculate the greatest common divisor of c and g.
27
Suppose 5*v = -49 - 136. Let b = v + 119. Let f = -43 + b. Calculate the highest common divisor of 39 and f.
39
Let t(k) = 14*k**3 + 15*k**2 - 11*k - 3. Let r be t(1). What is the greatest common factor of r and 1095?
15
Let o(a) = -a + 8. Let f(g) = -g + 15. Let k(h) = 6*f(h) - 14*o(h). Let y = -115 - -120. Let t be k(y). What is the highest common factor of t and 9?
9
Suppose -w + 6*b + 5563 = 0, 206*w - 28011 = 201*w + 2*b. What is the highest common factor of 59 and w?
59
Let y = -60 + 242. Suppose 4*n - 17 = -r + n, -5*r + 71 = n. What is the highest common divisor of r and y?
14
Let z(o) = 394*o**3 + 9*o**2 - o - 6. Let c be z(2). Calculate the highest common factor of 40 and c.
20
Let h(u) = -u**3 - 20*u**2 - 35*u - 22. Let t be h(-18). Let l be 19/5 + (-8)/t. Calculate the greatest common divisor of l and 20.
4
Suppose -20*g + 915 = -5*g - 3210. What is the greatest common divisor of 605 and g?
55
Suppose -o + 5*o - 163 = -3*m, -4 = -4*m. Suppose 3*z - 2*d - 1 = 2, -9 = 2*z - 5*d. Suppose z*a - 52 = -4. Calculate the greatest common factor of a and o.
8
Suppose 17*v + 318*v = 452585. What is the highest common factor of 193 and v?
193
Let c(h) = h**3 - 36*h**2 - 5*h + 254. Let g be c(36). Calculate the greatest common divisor of g and 7104.
74
Suppose 4*x = -q + 25 + 196, 4*x - 2*q - 230 = 0. Let w(i) = 2*i**2 - 31*i - 1575. Let v be w(37). Calculate the greatest common divisor of x and v.
8
Let j = 101476 - 101338. Suppose -3*o = -o - 92. What is the greatest common divisor of o and j?
46
Let c = -493 - -679. What is the greatest common factor of c and 78?
6
Let f = 11130 + -7946. Calculate the greatest common factor of 32 and f.
16
Let v(m) = -m**3 + 58*m**2 - 6*m + 540. Let g be v(58). Calculate the greatest common factor of g and 9024.
192
Suppose -4*q + 2*q = -434. Suppose -484 = 5*u + 261. Let k = u + q. What is the highest common divisor of 4 and k?
4
Let c be 8/5 + (160/25 - 6). Suppose 6 + c = -4*z, 2*w = -5*z - 4. Suppose -4*m - w*o + 14 = 2*o, -o = -2*m. Calculate the highest common divisor of 1 and m.
1
Let z(r) = -r**2 + 13*r - 39. Let f be z(6). Suppose 3*u - 118 = -7*b + 2*b, f*b = 6. What is the highest common factor of u and 576?
36
Suppose 5*q + 5429 + 3591 = 115*q. Let o = -896 - -1634. Calculate the greatest common divisor of o and q.
82
Let q be (4 - 28/(-3))/((-64)/(-288)). Calculate the highest common factor of 1284 and q.
12
Let s(r) = 231*r + 5 + 6 + 70*r + 3. Let a be s(1). Calculate the greatest common divisor of 45 and a.
45
Suppose 2*r + 4*o - 1716 = 0, -2*r + 3*o - 5*o + 1708 = 0. Let n = 1245 - r. What is the greatest common factor of n and 158?
79
Let n(q) = q**3 + 26*q**2 - 31*q + 112. Let j be n(-22). Suppose -j = -8*p - 6*p. What is the highest common factor of p and 30?
15
Let x = -21 + 103. Suppose -241 = 3*c - x. Let b = c - -79. Calculate the greatest common divisor of 13 and b.
13
Let r(l) = -l**3 - 11*l**2 + 114*l + 6. Let o be r(5). What is the highest common factor of o and 72?
8
Let u = -5326 - -5776. Calculate the highest common divisor of 114 and u.
6
Suppose -2*p + 5*h = 2*h - 795, -3*p = h - 1176. Suppose 4*b + 9 = -5*x + 542, 3*b = 3*x + p. What is the greatest common factor of 12 and b?
12
Let q = -37 - -60. Suppose 6*p = 3*p + t + 14, 4*p + 3*t = q. Suppose -p*g + 17*g - 420 = 0. What is the highest common factor of 7 and g?
7
Let w be (3/(-6))/(2/(-8)). Suppose -5*j + 23 = r + 2*r, -10 = w*j. Suppose 1 + 9 = -2*k, -5*k + 199 = 2*t. What is the greatest common factor of t and r?
16
Let o = -464 - -468. Suppose 0 = -o*c - 1278 + 1342. Calculate the greatest common factor of 20 and c.
4
Suppose -5*u + 134 = 104. Let l = -1 + u. Suppose -l*h + 4*q = -32 - 12, 4*q = h - 12. Calculate the greatest common factor of h and 88.
8
Let n = 9344 - 9336. Suppose 5*v - 25 + 6 = 3*m, 2*m + 6 = 0. Suppose -4*d - 108 = -5*b, -37 = -4*b + v*d + 53. What is the greatest common factor of n and b?
8
Let h be 18/(-21) + (-96)/(-14). Let t be (1*(-360)/(-16))/(h/8). What is the greatest common divisor of t and 195?
15
Let y = 3034 - -1734. What is the highest common divisor of 96 and y?
32
Let o(j) = -2*j**2 + 101*j - 180. Let x be o(44). Calculate the greatest common factor of 104 and x.
8
Let m(y) = y**3 - 31*y**2 + 13*y + 134. Let s be m(31). Let l = s + -427. What is the highest common factor of l and 40?
10
Let x = -7444 - -7528. Calculate the greatest common divisor of x and 30.
6
Let p(h) = 2*h**2 - 24. Suppose 4*w + 9 = 33. Let c be p(w). Suppose -2*v = 4*v - c. Calculate the greatest common divisor of v and 16.
8
Suppose -3*a + 0*a = 5*u - 359, 0 = -5*u - 4*a + 362. Let x be ((-105)/u)/(6/(-104)). Calculate the greatest common divisor of x and 143.
13
Let t be ((-6)/3*1)/(3 - (-11)/(-3)). What is the highest common divisor of 1746 and t?
3
Suppose 0 = -2*b + 237 + 69. Let j = 15 + b. Calculate the greatest common factor of j and 48.
24
Suppose -9*l + 270 = -4*l. Suppose 19 = 3*m + 4, 4*d = -4*m + 1120. Let n = d - 140. Calculate the highest common factor of l and n.
27
Let w = -81 + 116. Suppose -5*b = 4*l - w, -4*b + 0*b - 2*l + 22 = 0. What is the highest common divisor of 3 and b?
3
Let z = -2191 - -2222. Let i(q) = -36*q**3 - 2*q**2 + 3*q + 5. Let m be i(-2). Calculate the highest common divisor of z and m.
31
Suppose 0*f - 5*f + 3*l = 95, -3*l - 17 = 2*f. Let o = f + 8. Let q = o - -33. What is the highest common divisor of 225 and q?
25
Let q be 1 + (11 - 24/4) + 10. Let l be ((-136)/q - -2)*-10. Calculate the greatest common divisor of l and 403.
13
Suppose -667 = -10*a + 123 + 310. What is the greatest common factor of 14 and a?
2
Let j be (-9 + 5 + -273)/(-47 + 46). What is the greatest common divisor of 66203 and j?
277
Let s(q) = 32*q - 23. Let j(a) = 9*a - 8 - 2*a - a + 5*a. Let t(f) = -8*j(f) + 3*s(f). Let m be t(2). Calculate the highest common divisor of m and 143.
11
Let o = 22548 + -2245